
-1
Calculate -10 + (3 - -3) - (-7 - -3).
0
What is -1 + 5 + -2 + -5?
-3
Evaluate 4 - 2 - (3 - 5 - -4).
0
-3 + (-1 - -3) + (-7 - -5)
-3
What is 0 - (-3 + -2 + 1)?
4
What is -11 + -1 + 2 - -14?
4
What is -2 + 0 + -1 + 2 + 5?
4
What is the value of -43 - -42 - (-3 - (-8 + 2))?
-4
-3 + 9 - (-6 + -2 - -11)
3
What is 2 + -3 - (-4 - 0)?
3
Calculate (4 - (6 + (-15 - -7))) + -14.
-8
Evaluate 16 + (0 - 3) - 9.
4
Evaluate -4 + -1 - (-71 + 67).
-1
What is -3 + 4 + (-1 - (-1 - -3))?
-2
Calculate -6 + -3 + (4 - -9).
4
Evaluate 2 - (2 - (-5 + 6)).
1
Calculate -3 + -5 - ((-5 - -3) + 0).
-6
Calculate (1 - 1) + 0 + -3 + 1.
-2
-1 + -1 + (6 - (18 + -9))
-5
What is the value of -5 + (1 - -8) + -5 - 2?
-3
What is 2 - (6 - 3 - 0)?
-1
Evaluate 4 - ((12 - (-3 - -4)) + 0).
-7
-3 + 1 + -10 - (-1 + -4)
-7
What is the value of 3 + -5 + 3 + 2 - 2?
1
What is -4 + 9 + -2 - 7?
-4
Evaluate (2 - -1) + -1 + -5 + 1.
-2
Calculate (-11 - -8) + -2 - -1.
-4
What is -4 - (3 - 1 - 4) - 0?
-2
-3 + 1 + (2 - (1 + -2))
1
What is the value of 0 + 5 + 3 + (-10 - -7)?
5
-2 + (2 - (3 - 8))
5
What is -1 + 0 - (-7 + 5)?
1
What is (0 - 2) + -1 + 4?
1
Calculate 2 - 8 - (0 - (3 - 3)).
-6
(-6 - -5) + 8 + -5
2
7 - (8 - 3) - (5 - -2)
-5
What is (10 - 14) + (-3 - (-2 - -1))?
-6
What is 0 - -3 - -3 - (13 - 8)?
1
What is the value of 1 + 6 - 6 - 4?
-3
Calculate (-52 - -49) + 5 + -1 + 1.
2
What is (-5 + 6 - -2) + -7?
-4
What is 6 - 6 - (-15 - -11)?
4
6 - (1 - (1 + -5) - 6)
7
What is 3 + (-6 - (2 - 12))?
7
What is -3 + 0 + -5 - -4?
-4
What is 0 + -6 - (30 + -31)?
-5
Calculate -1 - 1 - (65 + -62).
-5
What is -14 + 15 + (2 - 9)?
-6
What is the value of 0 - (-2 - (2 + -3))?
1
What is -8 - (-2 - 11) - -4?
9
Calculate (-12 - -5 - -4) + 3.
0
-4 + 0 + (18 - (6 + 8))
0
What is the value of -1 - 1 - (-6 + 0)?
4
What is the value of (1 - -4 - 9) + 6?
2
Evaluate 7 + (-10 - -5) - -3.
5
Calculate -5 - 0 - (-17 - -2 - -4).
6
Calculate 5 + 1 + (2 - (-5 + 11)).
2
Calculate (-1 - 0) + (2 + 0 - -2).
3
-6 - (-24 + 11 - -4)
3
Calculate -2 - ((4 - -1) + -13 + 10).
-4
Evaluate 7 - (8 - (4 + 1)).
4
Calculate -1 + 4 - (11 + -3) - -2.
-3
Calculate 2 - (1 - 2 - -7).
-4
What is -9 - -8 - (-5 - -2)?
2
What is the value of 9 + 1 - (38 - 37)?
9
What is the value of -3 + 3 + (-11 - -13) + 2?
4
What is -7 + 7 + -2 + -10 + 3?
-9
Evaluate (-4 - -1) + 4 + -3 + 1.
-1
Evaluate 1 - 4 - -3 - 7 - 0.
-7
Evaluate -6 + (-3 - 3) + -9 + 12.
-9
Calculate -3 - (-1 + -4) - 6.
-4
What is the value of (2 - -6 - 6) + 9?
11
Calculate -14 + -7 + 14 - (3 - 3).
-7
Evaluate 8 - (5 + -8 - (2 + -8)).
5
Calculate -1 + 3 - (1 - -3).
-2
Calculate 6 - 0 - (-19 - -22).
3
What is -14 + 12 + 5 + (-1 - 4)?
-2
What is -5 + (1 - -3 - (3 + -3))?
-1
Calculate -5 + (16 - 6) + -10 + 4.
-1
What is the value of 2 - (-3 + 8 + -5)?
2
Calculate (2 - (2 - 0)) + (-3 - -4).
1
What is the value of -3 - (-1 + (-7 - -2))?
3
What is -4 - (-3 + -2 + 3)?
-2
Calculate 10 - (-6 + -7 + 26).
-3
What is the value of -2 + -2 + 3 + 1?
0
What is the value of 5 - (-7 + (7 - -7))?
-2
(8 - 9) + 0 + 1 + 0
0
Calculate 11 + (-24 - -7) + 2 + -1.
-5
Evaluate -8 - (2 + -10 + (4 - -2)).
-6
(0 + -3 - -5) + -4 - 1
-3
Evaluate -1 + (6 - (0 - 1 - -1)).
5
0 + 6 + (9 - 0 - 20)
-5
Evaluate -12 + (3 - 6) + 6 + 3.
-6
Calculate 5 - -3 - (11 - 4).
1
What is the value of 13 - 12 - (-1 - -3)?
-1
What is -6 - (-4 - 1) - 1 - -6?
4
Evaluate -3 + 0 - (4 + -8).
1
What is the value of -6 + 1 + 4 + 2?
1
What is -8 + (-3 - (-4 - 5))?
-2
What is the value of 5 - 2 - (-3 - -6 - 0)?
0
What is the value of 9 - ((19 - -1) + -4)?
-7
Calculate -1 - (2 + 6 + -1) - -4.
-4
What is the value of -2 - (0 + (9 - 7))?
-4
What is the value of 2 + -4 + -5 + 5?
-2
What is the value of -4 + 9 + (-8 - 2)?
-5
(5 - 2) + (-1 - (-2 - -2))
2
What is -1 + -3 - (-82 + 73)?
5
Evaluate -7 - (-4 + 5 + -7).
-1
What is -6 + 2 + 12 + -4?
4
Evaluate -1 - (12 + (-6 - (-2 + 1))).
-8
(-2 - -2 - 1) + -17 + 17
-1
What is 6 - 2 - (-3 - -10)?
-3
1 - (-1 - ((3 - -3) + -4))
4
Calculate -9 + -9 + -16 + 26.
-8
What is -15 + 13 - (0 - 4)?
2
Calculate 6 - 0 - (-15 - -21).
0
1 - 0 - (1 - 13 - -10)
3
What is 7 - 12 - ((0 - -1) + -7)?
1
-13 + 9 - (-8 - 0)
4
What is (2 - (-4 + 1) - 4) + -4?
-3
What is -1 + -3 + -1 + (-4 - -5)?
-4
What is -1 - 0 - (-5 + 7)?
-3
Evaluate (4 - (-1 + 0)) + -6.
-1
-12 + (9 - (7 + -6))
-4
Evaluate -77 + 77 - (1 + -4 - 0).
3
What is the value of -5 + 3 - (1 - (-5 + 10))?
2
-67 - -86 - (10 + 1)
8
9 + (-7 + 12 - 17)
-3
-2 + 1 + (-6 - -3)
-4
Calculate -1 + (-1 - (-9 + (0 - -3))).
4
Calculate 16 - (9 - 7 - -4).
10
Evaluate 2 + 0 - 0 - (1 + 0).
1
What is the value of -6 + -1 + 2 + -14 + 19?
0
5 - ((-10 - -14) + 9)
-8
Calculate -1 + (-2 + 5 - 2) + 5.
5
What is (-1 - 4) + 4 + 1?
0
What is the value of -1 + -3 + (1 - 0)?
-3
What is -4 - (4 + -7 - (2 + -4))?
-3
8 - (1 + (-7 - -4 - -8))
2
Calculate 5 + (-5 + 2 - -3).
5
What is (-6 - 5 - -3) + 6?
-2
-24 + 4 + 24 + 1 + -4
1
What is -3 + (9 + -2 - 2) - 0?
2
What is the value of 3 - (0 - (-3 - 1) - 0)?
-1
What is the value of -12 + 6 - (6 - 8)?
-4
What is (-5 - 0) + 7 + -2?
0
What is 8 + -7 - 4 - 0?
-3
(7 - 16 - -13) + -6 + 0
-2
-4 - (1 + -1 - (1 + 1))
-2
Evaluate (0 - 7) + 0 + 4 + -2.
-5
Evaluate (5 - 4) + -3 + 1.
-1
Evaluate -2 - ((-13 - (1 - 1)) + 9).
2
Evaluate 16 + -15 - ((-7 - -3) + -4).
9
Evaluate 5 + -6 + -4 - -1.
-4
Evaluate 1 - -10 - (5 + 1).
5
Evaluate 5 - (-14 + 5 + 7).
7
Calculate 10 - (-5 - -7 - -7).
1
What is the value of -47 + 39 - (0 - 1)?
-7
What is 13 + -13 + 8 + (0 - 0)?
8
Calculate 9 + 1 + -4 + 1 - 3.
4
What is (-2 - 1 - (5 - 11)) + 0?
3
What is the value of 4 - ((3 - 0) + 0)?
1
Calculate (0 - -5) + (1 - 1).
5
What is -14 - (-12 + -9 - -14)?
-7
Calculate -1 + 2 + 1 + (4 - 3).
3
What is the value of 11 - (3 + (3 - 7 - -6))?
6
-1 + (0 - -2 - 3 - -2)
0
What is (-3 - -6) + 0 - 5?
-2
Evaluate 0 + (2 - 2 - 0).
0
Calculate (-4 - 1) + (-13 - -12) + -4.
-10
Evaluate (-4 - -1) + 6 - (-3 + 4).
2
What is -5 + 3 + 3 + 6 + -3?
4
What is the value of 3 - (-2 + 5 + 1)?
-1
What is -1 + 1 + (-54 - -52)?
-2
Calculate 5 - (4 + (-1 + -1 - 1)).
4
Calculate -4 + (26 - 19) + 2 + 2.
7
Evaluate -1 - -3 - (17 + -12).
-3
Evaluate -1 + -1 + -3 + (5 - 4).
-4
Evaluate -1 - (-3 + 8 + -4).
-2
Calculate (3 - 3 - 2) + 0 - -3.
1
What is -1 - ((1 - -1 - 2) + 0)?
-1
What is 1 + (0 - -1) + (17 - 17)?
2
-2 + 0 + -2 + 9 + -5
0
What is the value of (1 - (-3 + 1)) + -2?
1
Evaluate (2 - 0) + -6 + 4.
0
(-2 + 2 - -3) + 1 + 1
5
1 + -5 - (-4 + -3) - 1
2
Calculate -8 - (-4 + -10 + 14).
-8
-2 + (-2 - (2 - 5)) + 2
1
What is -1 + -3 + (27 - 23)?
0
What is the value of (-9 - -18) + 8 - 14?
3
What is the value of 5 + -3 + 5 + -4?
3
What is -6 - (-16 + (7 - 2))?
5
What is (10 - 0 - 3) + -8?
-1
Evaluate 7 - (-3 - -8) - (14 - 3).
-9
What is 1 + -2 + -1 + 0 + 4?
2
What is 4 + -5 - 3 - -7?
3
What is the value of (65 - 71) + (0 - 0)?
-6
What is -2 - -1 - (-44 + 41)?
2
What is (-4 - 5) + -5 - -10?
-4
1 + 8 + -11 + 3
1
Calculate 1 + (-5 - -2) + (0 - 1).
-3
0 + -9 + (0 - (0 - 1))
-8
Calculate (-1 - -1) + 8 + -7 - 4.
-3
What is 2 - 3 - (-1 - -1)?
-1
What is the value of (-1 - 2) + 2 + (10 - 12)?
-3
What is the value of -4 + (15 - 2) - 11?
-2
What is (-2 - -5) + 2 + -1 - 6?
-2
Calculate 10 + 1 - (64 + -61).
8
Calculate 8 - (-11 - (-14 - 10)).
-5
What is the value of 1 - 0 - (7 + -1 - 3)?
-2
What is (-6 - 5) + 15 - -4?
8
11 + -14 + (-5 - -9)
1
What is the value of (1 - -4) + -9 + 6 + -6?
-4
Calculate (0 - -4) + (4 - 10).
-2
What is 3 - 7 - (18 - 16)?
-6
Calculate -1 + (-4 - -4) + -1 + 3.
1
What is -5 + 1 - (-4 + 1)?
-1
What is the value of (-7 - (-9 + 14)) + 5?
-7
Evaluate -2 - (7 + -8 + 3) - 1.
-5
(5 - -1 - (9 - 4)) + -5
-4
What is the value of -8 + 1 + -7 - -10?
-4
Evaluate -4 - (1 - (-4 + 8 + -6)).
-7
Calculate (-2 + 2 - -2) + 12 + -11.
3
Calculate -3 + 5 + -8 + 6.
0
Calculate -6 - (6 - 5) - (11 + -11).
-7
What is 0 - (6 + -6 + -4)?
4
Calculate 7 + 2 + -3 - (2 + 3).
1
Evaluate (5 - -3) + -4 - 1.
3
What is 4 + -3 + -7 + 3?
-3
-3 - 1 - 6 - -10
0
(-7 - -5 - -4) + -3
-1
What is 1 + 1 + 0 + 5 + -13?
-6
Evaluate (2 - 5) + -10 + 8.
-5
What is -2 - (-3 + 0 - (7 - 10))?
-2
1 + -11 + 127 + -119
-2
(0 - (0 - -3)) + -1
-4
Evaluate -2 - 1 - (-3 - (-1 - 7)).
-8
Calculate -3 - -1 - (22 + -22).
-2
18 + -16 + -4 + 1
-1
Calculate 22 + -17 + (6 - 2).
9
(-1 - -1) + (-1 - 